(w) = 2*w**3 - 4*w**2 + w + 2. Let y be r(2). What is the units digit of v(y)?
8
Let u be 18/(-4) + 10/20. Let r(i) = -i**2 + i. Let b(f) = -5*f**2 + 20*f - 18. Let p(g) = u*r(g) + b(g). What is the tens digit of p(13)?
2
Suppose 5*j = 3*j - 4. What is the tens digit of (j + 30)/(3/6)?
5
Let r(f) = 0*f**2 + 19*f - 5*f**2 + f**3 - 15*f + 2*f**3 - 6. What is the units digit of r(3)?
2
Let a = 2155 - 1442. What is the units digit of a?
3
Let k(w) = w**2 - w - 6. Let m = 16 + -27. Let u = 18 + m. What is the units digit of k(u)?
6
Let b(d) = 7*d - 19. Let f be b(8). Let z = f - 29. Suppose z*x = 10 + 46. What is the units digit of x?
7
What is the units digit of (-2)/(2/39)*30/(-45)?
6
Let d(b) = 2*b**2 - 1. Let y be d(0). What is the tens digit of (-86 + 1)*-2 - (1 - y)?
6
Let d(q) = -2*q**2 - 8*q + 4. Let w(z) = -z**2. Let s(i) = d(i) - 5*w(i). Let b(p) = -p**3 + 7*p**2 - 4*p - 7. Let x be b(6). What is the units digit of s(x)?
9
Let y = 7 + -3. Suppose -o + y = o. What is the units digit of ((-33)/(-6))/(1/o)?
1
Let v(a) = a**2 + 23*a - 104. What is the units digit of v(-31)?
4
Let o(u) = 24*u + 76. Let m be o(21). Suppose -f = 9*f - m. What is the tens digit of f?
5
Let j(m) = -m**3 - 5*m - m**2 - 3 + 7*m**2 + m + 0. Let p be j(5). Suppose -2*o - 3*q - 62 = -4*o, -4*q + 48 = p*o. What is the tens digit of o?
2
Suppose 3*d - 3*p + 949 = 8*d, -4*d + 774 = -5*p. Let o = d - 86. What is the hundreds digit of o?
1
Let k(i) = -i**3 - 4*i**2 - i. Suppose -2*b - 7 - 3 = 0. What is the units digit of k(b)?
0
Let u be 4/14 - (-10)/14. Suppose -37*f - 8 = -41*f. Suppose 19 = f*b + u. What is the units digit of b?
9
Let x be 2 - 0 - (-2 + 0). Suppose 5*v - 138 = -3*g, x*v - 11 - 28 = -g. What is the units digit of g?
1
Suppose 0 = -9*m + 6*m - 45. What is the tens digit of ((-303)/(-4))/(m/(-40))*1?
0
Let c(m) = 81*m**3 - 1. Let y be c(1). Let n = 127 - y. What is the units digit of n?
7
Let m = -500 - -119. Let g = m + 580. What is the units digit of g?
9
Let a(c) = -c**2 + 8*c - 1. Let k be a(9). What is the units digit of 324/k*(-10)/4?
1
Let g be (4/(-1))/((-4)/320). Suppose -8*l + 4*l = -g. What is the tens digit of l?
8
Let x be (-48)/(-32)*4/3. Suppose -2*t + 8 = x*t. Suppose t*m = 7*m - 125. What is the tens digit of m?
2
Suppose 3*n + 6 = 0, 6*j - n + 18 = 2*j. Let a(q) be the third derivative of q**5/60 - q**4/24 + q**3/2 + q**2. What is the tens digit of a(j)?
3
Let w be 28/16 + (-1)/(-4). Suppose -4*y - 2*o = 1060, -y + 4*o = 4*y + 1299. What is the tens digit of w/5 + y/(-5)?
5
Suppose -3*b + 2761 = -5*t + 9*t, 2*t + 3*b = 1385. What is the units digit of t?
8
Let f(r) be the third derivative of r**4/8 - r**3 + 6*r**2. What is the tens digit of f(6)?
1
Let g be (1 + 5/2)*(142 + -24). Suppose 2*y = -5*p + 463, -2*y + 4*y - g = 5*p. What is the tens digit of y?
1
Let m = 24 - 44. Let s = 44 + m. What is the tens digit of s?
2
Suppose 5*v = -2*x + 30, 2*v + 17 = 4*x + 5. Suppose v*g - 16 + 0 = 0. What is the units digit of 84/7*7/g?
1
Let q = -33 - -49. Suppose 5*w = 4*d + q, 5*w = -3*d + w + 19. What is the units digit of 3 - 1 - (-1 + d)?
2
Suppose 4*m - d - 7 = 0, -6 = 2*m - 3*m - 4*d. What is the tens digit of (-896)/(-10) - m/(-5)?
9
Suppose 5*o - 3*n - 263 = 230, 5*o + 4*n = 486. Suppose -4*q + 6 + o = 0. What is the tens digit of q?
2
Suppose 15 + 3 = 6*v. Suppose j + 4*k = v*k, -3*j + 10 = k. Suppose -j*u - 119 = -414. What is the tens digit of u?
5
Suppose -2*x = x - i - 3862, -4*x - i = -5161. What is the thousands digit of x?
1
Suppose -5*o - 15 = -4*z, -o + 6 = -3*o - z. Suppose 0 = -q + 5 - 9. What is the units digit of (-29 + 4)/(q - o)?
5
Suppose 3*z - 2259 = 5*l, 3*z - 4*l + 650 = 2912. What is the units digit of z?
8
Let r(l) = l**3 + 2*l**2 - 3*l - 4. Let z be r(-2). Let t(f) = -5*f + 3*f + z*f**2 + 1 - 3 + 10*f**3 - 4*f**3. What is the units digit of t(2)?
0
Suppose 0 = 8*b - 292 - 388. What is the units digit of b?
5
Suppose -6633 = -18*g + 9*g. What is the units digit of g?
7
Let o(l) = 18*l - 14. Suppose -5*i = -x - 11 - 12, 4*i + 3*x = 26. What is the units digit of o(i)?
6
Suppose 0 = -5*q - 387 + 867. What is the tens digit of q?
9
Let u(q) = 2*q**2 - 40*q + 40. Let j be u(19). Let w be (-4)/6 + 23/3. Suppose -j = -h + w. What is the units digit of h?
9
Suppose 9*h - 23 = 4. Suppose -o + h*o = 170. What is the units digit of o?
5
Suppose 3*n = 4*n - 4. Suppose 2*u - 12 = n*w + u, -5*u = 20. Let l = w + 20. What is the units digit of l?
6
Let u = 65 + -61. Suppose u*f = 2*j + 2*f - 204, -3*f = -3. What is the hundreds digit of j?
1
Suppose 3*q - 16 = 17. Let n(o) = 14*o**2 - q*o**2 + 0 + 1 + o. What is the tens digit of n(3)?
3
Suppose -7*z = -6*z + 2. Let i(b) = -b**3 - 2*b**2 - 3*b. Let c be i(z). Let h(p) = -p**3 + 7*p**2 - 4*p + 7. What is the units digit of h(c)?
9
Let u(c) = 0*c + c**3 - 5*c**2 + 24 - 32 + 4*c**2 + 6*c. What is the units digit of u(4)?
4
Let w(y) = -48*y - 9. Let p be w(-5). Suppose 0 = -2*t + p + 17. What is the units digit of t?
4
Let a = 74 + -75. What is the tens digit of (a + 7)/(99/5082)?
0
Suppose 0 = -w + 15 - 4. Suppose -17 = 4*l - 5*b, -b + w = 3*l - 0*l. Suppose 4*f - 98 = u, 2*f - l*u - 58 = 3*u. What is the units digit of f?
4
Suppose -5*l = -10 - 5. Suppose -4*s + 324 = 5*o, l*s + 2*s = -5*o + 320. What is the units digit of o?
8
Suppose -g - 5*y - 17 = -234, 5*y + 818 = 4*g. Let x = g - 147. Suppose -9*c + 5*c = -x. What is the units digit of c?
5
Let p be 14/5 + 1/5. Let r be (4 + -3)*p - -11. What is the units digit of ((-4)/r)/((-12)/84)?
2
Let l = 7181 - 4172. What is the tens digit of l?
0
What is the hundreds digit of (755/10 - 6)*10?
6
Let q be (-4 - (-1 - 2)) + 4. Suppose -2*d + 3*d = -2*x + 33, 4*d + q*x - 157 = 0. What is the tens digit of d?
4
Let f(w) = -2*w**2 - 18*w - 11. Let h be f(-8). Suppose 70 = 5*b + h*u, -3*u = 2*b - 5*u - 44. What is the units digit of b?
8
Suppose x - 5*x + 300 = 0. Suppose -3*b = -2*b - x. What is the units digit of b?
5
Suppose y = -4*q - 1, 2*y = -3*q + 2 - 9. Let o(d) = 7*d**2 + 8*d + 16. What is the units digit of o(y)?
1
Let f(x) = 22*x + 6. Let m be 21/14*(2 + 2 - 0). What is the hundreds digit of f(m)?
1
Let t(v) = 2*v**2 + 2*v. Let p be t(-2). Suppose -690 = -p*d - 3*w, 0*w = 4*d + w - 694. What is the tens digit of d?
7
Let a be 34/(-9) - (-12)/(-54). Suppose 2*x + 8 + 8 = 0. Let q = a - x. What is the units digit of q?
4
Suppose -260 + 32 = 3*s. Let c = 156 + s. What is the units digit of c?
0
Let c be -4 + -1 - 72/18. Let m(u) = -u**3 - 7*u**2 + 5*u + 7. What is the hundreds digit of m(c)?
1
Let u(z) = -z**2 + 6*z + 1. Let o be u(7). What is the units digit of (16 + o)*15/2?
5
Suppose 0 = 4*m - 9*m + 2145. Suppose 11*g = -2*g + m. What is the units digit of g?
3
Let n(j) = -j**3 - 4*j**2 + 6*j + 5. Let m be n(-5). Suppose m = 4*r - 6*r + 4. Suppose -r*h + 112 = 2*h. What is the units digit of h?
8
Let q(n) = 5*n + 20. Let v(o) = -o + 1. Let z(a) = -q(a) + 5*v(a). What is the tens digit of z(-10)?
8
Let m(s) = s**3 + 16*s**2 - 16*s - 7. Let z be m(-17). Let p = z - -35. Let b = p + -9. What is the units digit of b?
2
Let c be 1 + (-5 + 3 - -2) - -14. What is the tens digit of (c + 3/3)*(3 + 9)?
9
Let u(o) = o**3 - 5*o**2 + o + 2. Let a be u(5). Let g = a - 8. What is the units digit of g + 0 + (-230)/(-5)?
5
Let d(l) = -l**3 - 5*l**2 - 6*l + 3. Let y be d(-3). Suppose 162 = y*m + 2*u, 3*m + 5*u - 116 = 55. What is the units digit of m?
2
Suppose -27*d = 747 - 8415. What is the tens digit of d?
8
Let h(j) = 2*j**2 + j - 91. Let s be h(6). Let q(z) = 6*z + 15. Let t(i) = 13*i + 29. Let d(x) = -5*q(x) + 2*t(x). What is the tens digit of d(s)?
3
Suppose 3*r = 7*r + 1908. What is the tens digit of r/(-6) - 1/(-2)?
8
Let x = -3 + 39. Suppose 2*j = -2*g + 352 - x, 5*g = 5*j + 780. What is the hundreds digit of g?
1
Suppose -2*g = 28 - 22. What is the tens digit of ((-64)/(-30)*g)/((-1)/30)?
9
Let f = 5 - 1. Suppose f*q - 19 = 341. What is the tens digit of 1/(3/q) - 2?
2
Let s(c) = 2455*c + 9. What is the hundreds digit of s(1)?
4
Let h = -6 - -6. What is the tens digit of 1 + 2 - (3 - (13 - h))?
1
Let r = 1380 - 776. What is the hundreds digit of r?
6
Let y = -38 + 11. Let v = y + 86. What is the tens digit of v?
5
Let w(j) = -12*j - 1